{"id":6,"date":"2011-01-09T14:18:16","date_gmt":"2011-01-09T13:18:16","guid":{"rendered":"http:\/\/localhost\/wordpress\/?page_id=2"},"modified":"2018-10-21T15:39:51","modified_gmt":"2018-10-21T13:39:51","slug":"about","status":"publish","type":"page","link":"https:\/\/www.mrpizza.no\/?page_id=6","title":{"rendered":"Info"},"content":{"rendered":"<p><strong>SISTE TELEFONBESTILLING 15 MIN. F\u00d8R STENGING<\/strong><\/p>\n<p><strong><strong>\u00c5PNINGSTIDER\u00a0 <a href=\"https:\/\/www.google.no\/maps\/place\/Mr+Pizza+AS\/@59.8977499,10.8098946,17z\/data=!3m1!4b1!4m5!3m4!1s0x46416f0f9c9713ad:0x8196190a79f52bd4!8m2!3d59.8977499!4d10.8120833\" target=\"_blank\">OSLO, MANGLERUD (T-BANESTASJON,\u00a0<span class=\"address-wrap adr\"><span class=\"street-address\">Plogveien 4<\/span><\/span><\/a> &#8211; tlf. 22 26 62 00)<\/strong><br \/>\n<strong> Mandag &#8211; L\u00f8rdag: 15.00 &#8211; 23.00 \u00a0\u00a0\u00a0\u00a0\u00a0\u00a0\u00a0\u00a0 S\u00f8ndag: 14.00 &#8211; 22.00<\/strong><\/strong><\/p>\n<p><em>OBS! For bestilling p\u00e5 Manglerud ring direkte p\u00e5 tlf. 22 26 62 00<\/em><\/p>\n<p>MANGLERUD<\/p>\n<p>&nbsp;<\/p>\n<p><strong>\u00c5PNINGSTIDER\u00a0\u00a0<a href=\"https:\/\/www.google.no\/maps\/dir\/59.744452,10.2026713\/59.7444466,10.2026713\/@59.7442763,10.2004397,17z\" target=\"_blank\">DRAMMEN (KINOGARASJEN St.Olavsgate 4<\/a> &#8211; tlf.\u00a032 82 90 32)<\/strong><\/p>\n<p><strong>OBS! NY \u00c5PNINGSTID f.om. 11.01.17\u00a0\u00a0\u00a0\u00a0\u00a0 Mandag &#8211; S\u00f8ndag: 15.00 &#8211; 22.00<br \/>\n<\/strong><\/p>\n<p>DRAMMEN<\/p>\n<p><a href=\"http:\/\/www.mrpizza.no\/?page_id=17\" target=\"_blank\"><strong>\u00a0AFTER\u00a0WORK<\/strong><\/a><strong>\u00a0KUN P\u00c5\u00a0DRAMMEN AVDELING STARTER I DESEMBER 2017<br \/>\n<\/strong> Hver mandag &#8211; fredag mellom kl: 15-18 er det\u00a0<strong><u><span style=\"color: #0066cc;\">AFTER\u00a0WORK<\/span><\/u><\/strong>\u00a0 , da kan du handle utvalgte pizzaer til en meget rimelig penge<\/p>\n<p><strong><a href=\"http:\/\/www.mrpizza.no\/?page_id=17\" target=\"_blank\">PIZZA PARTY<\/a>\u00a0KUN P\u00c5\u00a0MANGLERUD AVDELING <\/strong><br \/>\nHver mandag er det <a href=\"http:\/\/www.mrpizza.no\/?page_id=17\" target=\"_blank\">PIZZA PARTY<\/a>, da kan du handle utvalgte pizzaer til en meget rimelig penge.<br \/>\nHvis mandag faller p\u00e5 en helligdag, holder vi <a href=\"http:\/\/www.mrpizza.no\/?page_id=17\" target=\"_blank\">PIZZA PARTY<\/a> p\u00e5 tirsdag i stede.<br \/>\nSe <a title=\"Tilbud\" href=\"http:\/\/www.mrpizza.no\/?page_id=17\" target=\"_blank\">&#8220;Tilbud&#8221;<\/a> for mer informasjon.<\/p>\n<p><strong>BETALING<\/strong><\/p>\n<p>P\u00e5 Manglerud og Drammen\u00a0kan du betale med Bank Axept<\/p>\n<p><strong>HENTING<\/strong><br \/>\nVi har ikke utkj\u00f8ring, men vi baker kjempegode pizzaer for henting.<\/p>\n","protected":false},"excerpt":{"rendered":"<p>SISTE TELEFONBESTILLING 15 MIN. F\u00d8R STENGING \u00c5PNINGSTIDER\u00a0 OSLO, MANGLERUD (T-BANESTASJON,\u00a0Plogveien 4 &#8211; tlf. 22 26 62 00) Mandag &#8211; L\u00f8rdag: 15.00 &#8211; 23.00 \u00a0\u00a0\u00a0\u00a0\u00a0\u00a0\u00a0\u00a0 S\u00f8ndag: 14.00 &#8211; 22.00 OBS! For bestilling p\u00e5 Manglerud ring direkte p\u00e5 tlf. 22 26 62 00 MANGLERUD &nbsp; \u00c5PNINGSTIDER\u00a0\u00a0DRAMMEN (KINOGARASJEN St.Olavsgate 4 &#8211; tlf.\u00a032 82 90 32) OBS! NY \u00c5PNINGSTID [&hellip;]<\/p>\n","protected":false},"author":5,"featured_media":0,"parent":0,"menu_order":2,"comment_status":"open","ping_status":"closed","template":"","meta":[],"_links":{"self":[{"href":"https:\/\/www.mrpizza.no\/index.php?rest_route=\/wp\/v2\/pages\/6"}],"collection":[{"href":"https:\/\/www.mrpizza.no\/index.php?rest_route=\/wp\/v2\/pages"}],"about":[{"href":"https:\/\/www.mrpizza.no\/index.php?rest_route=\/wp\/v2\/types\/page"}],"author":[{"embeddable":true,"href":"https:\/\/www.mrpizza.no\/index.php?rest_route=\/wp\/v2\/users\/5"}],"replies":[{"embeddable":true,"href":"https:\/\/www.mrpizza.no\/index.php?rest_route=%2Fwp%2Fv2%2Fcomments&post=6"}],"version-history":[{"count":38,"href":"https:\/\/www.mrpizza.no\/index.php?rest_route=\/wp\/v2\/pages\/6\/revisions"}],"predecessor-version":[{"id":1010,"href":"https:\/\/www.mrpizza.no\/index.php?rest_route=\/wp\/v2\/pages\/6\/revisions\/1010"}],"wp:attachment":[{"href":"https:\/\/www.mrpizza.no\/index.php?rest_route=%2Fwp%2Fv2%2Fmedia&parent=6"}],"curies":[{"name":"wp","href":"https:\/\/api.w.org\/{rel}","templated":true}]}}